se
Is 863415071 a composite number?
False
Is 99049947 a composite number?
True
Is 2139536554 prime?
False
Is 728037283 a prime number?
False
Is 489547693 prime?
True
Is 91109857387 a prime number?
False
Is 26355084907 a prime number?
True
Is 426702653 prime?
False
Is 199256244443 prime?
True
Is 876743513 prime?
True
Is 1316765521 composite?
True
Is 183170341 composite?
False
Is 7734392489 a prime number?
True
Is 73829339431 a composite number?
False
Is 24010349 composite?
True
Is 2960307917 prime?
False
Is 5991049 a composite number?
True
Is 47235254197 prime?
True
Is 18618310513 composite?
True
Is 233838547 composite?
False
Is 47980782151 a prime number?
True
Is 75908309 composite?
False
Is 184085494799 a prime number?
True
Is 1017084911 composite?
False
Is 142659798851 prime?
True
Is 378704581 a prime number?
True
Is 55890631 prime?
False
Is 990035041 a composite number?
True
Is 50521435 a prime number?
False
Is 91543078367 prime?
False
Is 20799466157 a prime number?
False
Is 5298380553 a composite number?
True
Is 29092202783 a prime number?
False
Is 104605159 prime?
True
Is 5826890429 prime?
False
Is 4805210089 composite?
True
Is 397107559 prime?
False
Is 4125078443 composite?
True
Is 18042326227 prime?
False
Is 1160295641 a prime number?
True
Is 341401069 prime?
False
Is 3032521741 a composite number?
True
Is 1492970153 a composite number?
False
Is 152514498001 a composite number?
True
Is 8162019731 a composite number?
False
Is 1014085801 a prime number?
False
Is 857584447 a prime number?
True
Is 42695711731 a prime number?
True
Is 770443759 composite?
True
Is 12527941633 a prime number?
True
Is 20754697631 a composite number?
False
Is 20935159067 prime?
True
Is 50846386417 prime?
True
Is 3909646417 prime?
False
Is 14669087231 a prime number?
False
Is 105260942474 a prime number?
False
Is 4115531803 a composite number?
True
Is 1283828599 prime?
True
Is 2831311471 a prime number?
False
Is 4963724041 prime?
False
Is 5440817761 prime?
False
Is 8794217243 prime?
False
Is 108078318119 a prime number?
False
Is 4474991629 a prime number?
False
Is 3818958337 a prime number?
False
Is 90997950887 composite?
True
Is 333823310303 a prime number?
False
Is 35559309011 a prime number?
False
Is 52133366919 prime?
False
Is 79702078601 a prime number?
True
Is 44443510833 a prime number?
False
Is 14588101951 a composite number?
False
Is 34366485343 composite?
True
Is 22607199443 a prime number?
True
Is 14276829967 prime?
False
Is 8206513247 a composite number?
False
Is 3014787029 a composite number?
False
Is 219354401281 prime?
True
Is 13395709049 a composite number?
False
Is 1436652215 composite?
True
Is 99975207989 composite?
True
Is 468384503 prime?
False
Is 8690192429 a composite number?
False
Is 41128085491 a composite number?
False
Is 17480577421 a prime number?
False
Is 2203526249 composite?
True
Is 2972852681 prime?
True
Is 3152350793 prime?
True
Is 45680131579 composite?
True
Is 894917 a prime number?
True
Is 3354952697 a prime number?
True
Is 1791559823 a composite number?
True
Is 447978793 a composite number?
False
Is 9572165143 composite?
False
Is 508637 composite?
False
Is 5181024503 a prime number?
True
Is 7963852153 a composite number?
False
Is 17788297561 a composite number?
True
Is 241305241 a prime number?
True
Is 15269171423 a composite number?
True
Is 4177970261 a prime number?
False
Is 613569917 a prime number?
True
Is 71895419 prime?
False
Is 41937964427 prime?
True
Is 76322329329 a prime number?
False
Is 45070242881 a composite number?
False
Is 351005701 prime?
True
Is 22558774363 a prime number?
True
Is 195260117 prime?
False
Is 1049852173 prime?
True
Is 45880629139 composite?
False
Is 3951881993 a prime number?
True
Is 50647501469 a prime number?
False
Is 578207029 composite?
True
Is 33606633433 a prime number?
False
Is 3790239163 composite?
True
Is 111264509 composite?
True
Is 27593123267 prime?
True
Is 3379924073 a prime number?
True
Is 633031351 a prime number?
True
Is 7584336581 composite?
True
Is 2171226877 a prime number?
True
Is 791017001 a prime number?
False
Is 12854287657 composite?
False
Is 5604989393 prime?
False
Is 278684027 a prime number?
True
Is 342169409359 a composite number?
True
Is 10869180503 a composite number?
True
Is 9933400973 composite?
True
Is 98281784401 a composite number?
True
Is 3737198783 prime?
True
Is 71916037 a prime number?
True
Is 9248311099 a prime number?
True
Is 34036169807 prime?
True
Is 1484704889 composite?
True
Is 77761085 a prime number?
False
Is 6859015571 prime?
True
Is 143092506723 prime?
False
Is 37330112317 composite?
False
Is 10197086195 a prime number?
False
Is 119291543851 composite?
False
Is 7604388577 composite?
False
Is 271327969 a prime number?
False
Is 1606090601 prime?
True
Is 5685287417 prime?
False
Is 1163323261 a prime number?
True
Is 96754163617 a composite number?
False
Is 1582153817 prime?
False
Is 39781855991 prime?
True
Is 10359585839 a prime number?
True
Is 6295210661 a prime number?
True
Is 15755911403 composite?
True
Is 28993046791 composite?
False
Is 1080728897 a prime number?
True
Is 78165821 composite?
False
Is 260208593 prime?
False
Is 1093080409 a composite number?
False
Is 2909143 prime?
False
Is 1395269387 composite?
False
Is 15790226 a composite number?
True
Is 7126339933 a prime number?
False
Is 115606649 composite?
True
Is 283155481655 composite?
True
Is 737349331 prime?
False
Is 6709091189 a prime number?
True
Is 60687665699 a prime number?
True
Is 402463403 prime?
True
Is 1555130839 composite?
True
Is 327052627073 a composite number?
False
Is 10337137157 composite?
False
Is 16174567313 prime?
True
Is 108329432303 prime?
True
Is 216184613501 a prime number?
False
Is 311825433251 composite?
True
Is 333571327 prime?
True
Is 66967223807 prime?
False
Is 425283407 composite?
True
Is 724410649 prime?
True
Is 430785107 prime?
True
Is 4241344423 a prime number?
False
Is 4988952935 a composite number?
True
Is 15241814261 composite?
True
Is 144512341 a composite number?
True
Is 23054457247 prime?
True
Is 263006587 a prime number?
False
Is 2909257223 composite?
False
Is 12394121 composite?
False
Is 16925344435 a composite number?
True
Is 21746692543 composite?
True
Is 172345553 a prime number?
True
Is 3233702947 a composite number?
False
Is 14706028019 composite?
True
Is 7180379785 composite?
True
Is 4009451267 a prime number?
False
Is 26080129 a prime number?
True
Is 9388484771 composite?
False
Is 55475764517 composite?
False
Is 7922708581 a prime number?
False
Is 2224487071 a composite number?
True
Is 693128003 composite?
False
Is 576436841 a composite number?
False
Is 1595913721 composite?
True
Is 13111363 a prime number?
True
Is 119894409863 composite?
True
Is 12093369191 composite?
False
Is 386111031 a composite number?
True
Is 7535501747 a composite number?
False
Is 4720183693 composite?
False
Is 9192066721 a prime number?
True
Is 5606139533 a prime number?
False
Is 1925302061 a prime number?
False
Is 44887786987 a prime number?
False
Is 80910975791 a prime number?
True
Is 13055650313 prime?
False
Is 55270352737 composite?
False
Is 1313263673 composite?
False
Is 585002909 a prime number?
False
Is 7065415151 a prime number?
True
Is 1492134313 a composite number?
True
Is 25020329 prime?
False
Is 244760658827 a prime number?
True
Is 16957169351 prime?
False
Is 113059503859 prime?
True
Is 157553054497 a composite number?
False
Is 95084221 composite?
False
Is 53494341491 prime?
True
Is 6405919031 a composite number?
False
Is 3141790627 a prime number?
True
Is 266797277 a prime number?
True
Is 25483487 prime?
True
Is 1454531557 a composite number?
False
Is 5630551705 composite?
True
Is 1553709929 prime?
True
Is 80352837634 a composite number?
True
Is 704061991 a composite number?
False
Is 10907645467 prime?
False
Is 4522954321 a prime number?
False
Is 8153718941 prime?
True
Is 59611034729 a composite number?
False
Is 5099264849 prime?
False
Is 15935321 a prime number?
False
Is 1204129477 composite?
True
Is 1950625991 prime?
True
Is 1794623861 composite?
False
Is 1288297645 a prime number?
False
Is 1012687477 composite?
False
Is 8345614961 composite?
False
Is 13991479079 a prime number?
True
Is 1521116381 prime?
False
Is 12192790387 a composite number?
True
Is 